521
List the prime factors of 10699.
13, 823
List the prime factors of 6453.
3, 239
What are the prime factors of 28583?
101, 283
List the prime factors of 2342.
2, 1171
List the prime factors of 729.
3
List the prime factors of 3160.
2, 5, 79
List the prime factors of 56713.
56713
List the prime factors of 3657.
3, 23, 53
List the prime factors of 1063.
1063
What are the prime factors of 16205?
5, 7, 463
List the prime factors of 1386.
2, 3, 7, 11
What are the prime factors of 56743?
179, 317
List the prime factors of 12936.
2, 3, 7, 11
List the prime factors of 5792.
2, 181
What are the prime factors of 12880?
2, 5, 7, 23
List the prime factors of 1247.
29, 43
What are the prime factors of 767?
13, 59
What are the prime factors of 17074?
2, 8537
What are the prime factors of 50603?
7, 7229
List the prime factors of 23780.
2, 5, 29, 41
List the prime factors of 43492.
2, 83, 131
What are the prime factors of 1062?
2, 3, 59
List the prime factors of 62608.
2, 7, 13, 43
List the prime factors of 6715.
5, 17, 79
What are the prime factors of 4379?
29, 151
List the prime factors of 490.
2, 5, 7
List the prime factors of 5892.
2, 3, 491
What are the prime factors of 6640?
2, 5, 83
What are the prime factors of 1697?
1697
List the prime factors of 5976.
2, 3, 83
What are the prime factors of 5111?
19, 269
List the prime factors of 1708.
2, 7, 61
List the prime factors of 1158.
2, 3, 193
List the prime factors of 6661.
6661
What are the prime factors of 18889?
13, 1453
What are the prime factors of 14507?
89, 163
What are the prime factors of 1102?
2, 19, 29
What are the prime factors of 12248?
2, 1531
List the prime factors of 303.
3, 101
What are the prime factors of 179?
179
What are the prime factors of 9836?
2, 2459
List the prime factors of 128146.
2, 17, 3769
What are the prime factors of 10925?
5, 19, 23
List the prime factors of 8548.
2, 2137
What are the prime factors of 2280?
2, 3, 5, 19
What are the prime factors of 28222?
2, 103, 137
List the prime factors of 76585.
5, 17, 53
What are the prime factors of 2785?
5, 557
What are the prime factors of 7193?
7193
What are the prime factors of 272?
2, 17
What are the prime factors of 191377?
211, 907
List the prime factors of 91823.
91823
List the prime factors of 1030.
2, 5, 103
What are the prime factors of 1104?
2, 3, 23
What are the prime factors of 6788?
2, 1697
What are the prime factors of 3359?
3359
What are the prime factors of 40876?
2, 11, 929
List the prime factors of 4610.
2, 5, 461
List the prime factors of 163.
163
What are the prime factors of 989?
23, 43
List the prime factors of 102542.
2, 11, 59, 79
List the prime factors of 12016.
2, 751
List the prime factors of 1305.
3, 5, 29
List the prime factors of 3634.
2, 23, 79
What are the prime factors of 3479?
7, 71
What are the prime factors of 1693?
1693
What are the prime factors of 1214?
2, 607
What are the prime factors of 4374?
2, 3
List the prime factors of 532.
2, 7, 19
What are the prime factors of 398?
2, 199
List the prime factors of 11206.
2, 13, 431
List the prime factors of 324.
2, 3
List the prime factors of 16137.
3, 11, 163
What are the prime factors of 47959?
199, 241
List the prime factors of 1081.
23, 47
What are the prime factors of 2922?
2, 3, 487
List the prime factors of 5673.
3, 31, 61
List the prime factors of 2145.
3, 5, 11, 13
List the prime factors of 11891.
11, 23, 47
What are the prime factors of 331?
331
What are the prime factors of 12844?
2, 13, 19
What are the prime factors of 3995?
5, 17, 47
What are the prime factors of 5439?
3, 7, 37
What are the prime factors of 487?
487
What are the prime factors of 90312?
2, 3, 53, 71
What are the prime factors of 96978?
2, 3, 7, 2309
What are the prime factors of 93931?
29, 41, 79
List the prime factors of 788.
2, 197
List the prime factors of 84.
2, 3, 7
What are the prime factors of 48462?
2, 3, 41, 197
List the prime factors of 894.
2, 3, 149
List the prime factors of 8783.
8783
What are the prime factors of 55185?
3, 5, 13, 283
List the prime factors of 867.
3, 17
What are the prime factors of 47109?
3, 41, 383
What are the prime factors of 24942?
2, 3, 4157
What are the prime factors of 9702?
2, 3, 7, 11
List the prime factors of 5074.
2, 43, 59
What are the prime factors of 69716?
2, 29, 601
List the prime factors of 9246.
2, 3, 23, 67
What are the prime factors of 8463?
3, 7, 13, 31
List the prime factors of 2754.
2, 3, 17
List the prime factors of 74.
2, 37
List the prime factors of 2833.
2833
List the prime factors of 1073.
29, 37
What are the prime factors of 976?
2, 61
List the prime factors of 10074.
2, 3, 23, 73
List the prime factors of 24.
2, 3
What are the prime factors of 9164?
2, 29, 79
What are the prime factors of 95?
5, 19
List the prime factors of 5588.
2, 11, 127
List the prime factors of 19507.
19507
What are the prime factors of 116333?
7, 16619
List the prime factors of 4878.
2, 3, 271
List the prime factors of 2130.
2, 3, 5, 71
List the prime factors of 191717.
191717
What are the prime factors of 7071?
3, 2357
What are the prime factors of 491?
491
What are the prime factors of 61452?
2, 3, 569
What are the prime factors of 35826?
2, 3, 7, 853
What are the prime factors of 2568?
2, 3, 107
What are the prime factors of 55856?
2, 3491
List the prime factors of 41.
41
List the prime factors of 28942.
2, 29, 499
List the prime factors of 2889.
3, 107
List the prime factors of 4912.
2, 307
List the prime factors of 7092.
2, 3, 197
What are the prime factors of 1990?
2, 5, 199
What are the prime factors of 2456?
2, 307
List the prime factors of 23250.
2, 3, 5, 31
List the prime factors of 205.
5, 41
List the prime factors of 2174.
2, 1087
What are the prime factors of 5529?
3, 19, 97
What are the prime factors of 15112?
2, 1889
List the prime factors of 8993.
17, 23
What are the prime factors of 3018?
2, 3, 503
List the prime factors of 1685.
5, 337
What are the prime factors of 22158?
2, 3, 1231
What are the prime factors of 12758?
2, 6379
List the prime factors of 903.
3, 7, 43
What are the prime factors of 5893?
71, 83
What are the prime factors of 501?
3, 167
What are the prime factors of 60559?
23, 2633
List the prime factors of 7326.
2, 3, 11, 37
List the prime factors of 2229.
3, 743
List the prime factors of 757.
757
List the prime factors of 6793.
6793
What are the prime factors of 10561?
59, 179
List the prime factors of 93143.
17, 5479
List the prime factors of 13817.
41, 337
What are the prime factors of 745?
5, 149
What are the prime factors of 4470?
2, 3, 5, 149
What are the prime factors of 1572?
2, 3, 131
What are the prime factors of 436?
2, 109
What are the prime factors of 5609?
71, 79
What are the prime factors of 1760?
2, 5, 11
List the prime factors of 17411.
23, 757
What are the prime factors of 191?
191
List the prime factors of 4959.
3, 19, 29
What are the prime factors of 76?
2, 19
List the prime factors of 78057.
3, 7, 59
List the prime factors of 3809.
13, 293
List the prime factors of 1994.
2, 997
What are the prime factors of 35362?
2, 17681
List the prime factors of 129345.
3, 5, 8623
List the prime factors of 1105.
5, 13, 17
List the prime factors of 1810.
2, 5, 181
List the prime factors of 603.
3, 67
What are the prime factors of 5886?
2, 3, 109
What are the prime factors of 46451?
46451
List the prime factors of 35176.
2, 4397
List the prime factors of 55476.
2, 3, 23, 67
What are the prime factors of 100470?
2, 3, 5, 17, 197
List the prime factors of 75995.
5, 15199
What are the prime factors of 15653?
11, 1423
What are the prime factors of 527?
17, 31
List the prime factors of 67577.
67577
List the prime factors of 168124.
2, 11, 3821
List the prime factors of 52509.
3, 23, 761
What are the prime factors of 77309?
97, 797
What are the prime factors of 9252?
2, 3, 257
List the prime factors of 36856.
2, 17, 271
List the prime factors of 1469.
13, 113
List the prime factors of 157088.
2, 4909
What are the prime factors of 4783?
4783
List the prime factors of 8036.
2, 7, 41
What are the prime factors of 4333?
7, 619
What are the prime factors of 1500?
2, 3, 5
What are the prime factors of 2600?
2, 5, 13
List the prime factors of 1960.
2, 5, 7
List the prime factors of 701.
701
What are the prim